{"version":"1.0","provider_name":"De Avila Abogados Blog","provider_url":"https:\/\/deavilaabogados.com\/blog","author_name":"Patricia Cebolla De \u00c1vila","author_url":"https:\/\/deavilaabogados.com\/blog\/author\/javierdeavila\/","title":"Aprobar la instalaci\u00f3n de un espacio para aparcar bicis - De Avila Abogados Blog","type":"rich","width":600,"height":338,"html":"<blockquote class=\"wp-embedded-content\" data-secret=\"fTjTHIUdJN\"><a href=\"https:\/\/deavilaabogados.com\/blog\/2024\/10\/20\/elementor-6234\/\">Aprobar la instalaci\u00f3n de un espacio para aparcar bicis<\/a><\/blockquote><iframe sandbox=\"allow-scripts\" security=\"restricted\" src=\"https:\/\/deavilaabogados.com\/blog\/2024\/10\/20\/elementor-6234\/embed\/#?secret=fTjTHIUdJN\" width=\"600\" height=\"338\" title=\"\u00abAprobar la instalaci\u00f3n de un espacio para aparcar bicis\u00bb \u2014 De Avila Abogados Blog\" data-secret=\"fTjTHIUdJN\" frameborder=\"0\" marginwidth=\"0\" marginheight=\"0\" scrolling=\"no\" class=\"wp-embedded-content\"><\/iframe><script type=\"text\/javascript\">\n\/* <![CDATA[ *\/\n\/*! This file is auto-generated *\/\n!function(d,l){\"use strict\";l.querySelector&&d.addEventListener&&\"undefined\"!=typeof URL&&(d.wp=d.wp||{},d.wp.receiveEmbedMessage||(d.wp.receiveEmbedMessage=function(e){var t=e.data;if((t||t.secret||t.message||t.value)&&!\/[^a-zA-Z0-9]\/.test(t.secret)){for(var s,r,n,a=l.querySelectorAll('iframe[data-secret=\"'+t.secret+'\"]'),o=l.querySelectorAll('blockquote[data-secret=\"'+t.secret+'\"]'),c=new RegExp(\"^https?:$\",\"i\"),i=0;i<o.length;i++)o[i].style.display=\"none\";for(i=0;i<a.length;i++)s=a[i],e.source===s.contentWindow&&(s.removeAttribute(\"style\"),\"height\"===t.message?(1e3<(r=parseInt(t.value,10))?r=1e3:~~r<200&&(r=200),s.height=r):\"link\"===t.message&&(r=new URL(s.getAttribute(\"src\")),n=new URL(t.value),c.test(n.protocol))&&n.host===r.host&&l.activeElement===s&&(d.top.location.href=t.value))}},d.addEventListener(\"message\",d.wp.receiveEmbedMessage,!1),l.addEventListener(\"DOMContentLoaded\",function(){for(var e,t,s=l.querySelectorAll(\"iframe.wp-embedded-content\"),r=0;r<s.length;r++)(t=(e=s[r]).getAttribute(\"data-secret\"))||(t=Math.random().toString(36).substring(2,12),e.src+=\"#?secret=\"+t,e.setAttribute(\"data-secret\",t)),e.contentWindow.postMessage({message:\"ready\",secret:t},\"*\")},!1)))}(window,document);\n\/\/# sourceURL=https:\/\/deavilaabogados.com\/blog\/wp-includes\/js\/wp-embed.min.js\n\/* ]]> *\/\n<\/script>\n","thumbnail_url":"https:\/\/deavilaabogados.com\/blog\/wp-content\/uploads\/2024\/10\/BICIS.jpg","thumbnail_width":1200,"thumbnail_height":800,"description":"Para aprobar la instalaci\u00f3n de un espacio para aparcar bicis. Para aprobar la instalaci\u00f3n de un espacio para aparcar bicis, s\u00f3lo se precisa mayor\u00eda de tres quintos representando la misma mayor\u00eda de cuotas, al ser una instalaci\u00f3n que beneficia a la Comunidad Ha de tenerse en cuenta que el legislador ha ido flexibilizando el concepto [&hellip;]"}

Patricia Cebolla De Ávila

Aprobar la instalación de un espacio para aparcar bicis - De Avila Abogados Blog

<blockquote class="wp-embedded-content" data-secret="fTjTHIUdJN"><a href="https://deavilaabogados.com/blog/2024/10/20/elementor-6234/">Aprobar la instalación de un espacio para aparcar bicis</a></blockquote><iframe sandbox="allow-scripts" security="restricted" src="https://deavilaabogados.com/blog/2024/10/20/elementor-6234/embed/#?secret=fTjTHIUdJN" width="600" height="338" title="«Aprobar la instalación de un espacio para aparcar bicis» — De Avila Abogados Blog" data-secret="fTjTHIUdJN" frameborder="0" marginwidth="0" marginheight="0" scrolling="no" class="wp-embedded-content"></iframe><script type="text/javascript">
/* <![CDATA[ */
/*! This file is auto-generated */
!function(d,l){"use strict";l.querySelector&&d.addEventListener&&"undefined"!=typeof URL&&(d.wp=d.wp||{},d.wp.receiveEmbedMessage||(d.wp.receiveEmbedMessage=function(e){var t=e.data;if((t||t.secret||t.message||t.value)&&!/[^a-zA-Z0-9]/.test(t.secret)){for(var s,r,n,a=l.querySelectorAll('iframe[data-secret="'+t.secret+'"]'),o=l.querySelectorAll('blockquote[data-secret="'+t.secret+'"]'),c=new RegExp("^https?:$","i"),i=0;i<o.length;i++)o[i].style.display="none";for(i=0;i<a.length;i++)s=a[i],e.source===s.contentWindow&&(s.removeAttribute("style"),"height"===t.message?(1e3<(r=parseInt(t.value,10))?r=1e3:~~r<200&&(r=200),s.height=r):"link"===t.message&&(r=new URL(s.getAttribute("src")),n=new URL(t.value),c.test(n.protocol))&&n.host===r.host&&l.activeElement===s&&(d.top.location.href=t.value))}},d.addEventListener("message",d.wp.receiveEmbedMessage,!1),l.addEventListener("DOMContentLoaded",function(){for(var e,t,s=l.querySelectorAll("iframe.wp-embedded-content"),r=0;r<s.length;r++)(t=(e=s[r]).getAttribute("data-secret"))||(t=Math.random().toString(36).substring(2,12),e.src+="#?secret="+t,e.setAttribute("data-secret",t)),e.contentWindow.postMessage({message:"ready",secret:t},"*")},!1)))}(window,document);
//# sourceURL=https://deavilaabogados.com/blog/wp-includes/js/wp-embed.min.js
/* ]]> */
</script>

Para aprobar la instalación de un espacio para aparcar bicis. Para aprobar la instalación de un espacio para aparcar bicis, sólo se precisa mayoría de tres quintos representando la misma mayoría de cuotas, al ser una instalación que beneficia a la Comunidad Ha de tenerse en cuenta que el legislador ha ido flexibilizando el concepto [&hellip;]
