{"version":"1.0","provider_name":"De Avila Abogados Blog","provider_url":"https:\/\/deavilaabogados.com\/blog","author_name":"Patricia Cebolla De \u00c1vila","author_url":"https:\/\/deavilaabogados.com\/blog\/author\/javierdeavila\/","title":"Como colocar un aire acondicionado en la fachada de mi bloque\ufffc - De Avila Abogados Blog","type":"rich","width":600,"height":338,"html":"<blockquote class=\"wp-embedded-content\" data-secret=\"cc06vCgnOT\"><a href=\"https:\/\/deavilaabogados.com\/blog\/2022\/06\/23\/como-colocar-aire-acondicionada-fachada-edificio\/\">Como colocar un aire acondicionado en la fachada de mi bloque\ufffc<\/a><\/blockquote><iframe sandbox=\"allow-scripts\" security=\"restricted\" src=\"https:\/\/deavilaabogados.com\/blog\/2022\/06\/23\/como-colocar-aire-acondicionada-fachada-edificio\/embed\/#?secret=cc06vCgnOT\" width=\"600\" height=\"338\" title=\"\u00abComo colocar un aire acondicionado en la fachada de mi bloque\ufffc\u00bb \u2014 De Avila Abogados Blog\" data-secret=\"cc06vCgnOT\" frameborder=\"0\" marginwidth=\"0\" marginheight=\"0\" scrolling=\"no\" class=\"wp-embedded-content\"><\/iframe><script type=\"text\/javascript\">\n\/* <![CDATA[ *\/\n\/*! This file is auto-generated *\/\n!function(d,l){\"use strict\";l.querySelector&&d.addEventListener&&\"undefined\"!=typeof URL&&(d.wp=d.wp||{},d.wp.receiveEmbedMessage||(d.wp.receiveEmbedMessage=function(e){var t=e.data;if((t||t.secret||t.message||t.value)&&!\/[^a-zA-Z0-9]\/.test(t.secret)){for(var s,r,n,a=l.querySelectorAll('iframe[data-secret=\"'+t.secret+'\"]'),o=l.querySelectorAll('blockquote[data-secret=\"'+t.secret+'\"]'),c=new RegExp(\"^https?:$\",\"i\"),i=0;i<o.length;i++)o[i].style.display=\"none\";for(i=0;i<a.length;i++)s=a[i],e.source===s.contentWindow&&(s.removeAttribute(\"style\"),\"height\"===t.message?(1e3<(r=parseInt(t.value,10))?r=1e3:~~r<200&&(r=200),s.height=r):\"link\"===t.message&&(r=new URL(s.getAttribute(\"src\")),n=new URL(t.value),c.test(n.protocol))&&n.host===r.host&&l.activeElement===s&&(d.top.location.href=t.value))}},d.addEventListener(\"message\",d.wp.receiveEmbedMessage,!1),l.addEventListener(\"DOMContentLoaded\",function(){for(var e,t,s=l.querySelectorAll(\"iframe.wp-embedded-content\"),r=0;r<s.length;r++)(t=(e=s[r]).getAttribute(\"data-secret\"))||(t=Math.random().toString(36).substring(2,12),e.src+=\"#?secret=\"+t,e.setAttribute(\"data-secret\",t)),e.contentWindow.postMessage({message:\"ready\",secret:t},\"*\")},!1)))}(window,document);\n\/\/# sourceURL=https:\/\/deavilaabogados.com\/blog\/wp-includes\/js\/wp-embed.min.js\n\/* ]]> *\/\n<\/script>\n","thumbnail_url":"https:\/\/deavilaabogados.com\/blog\/wp-content\/uploads\/2020\/03\/abogado-reunido-mujeres.jpg","thumbnail_width":1500,"thumbnail_height":1000,"description":"C \u00f3mo colocar un aire acondicionado en la fachada de mi bloque Uno de los problemas m\u00e1s recurrentes en las Comunidades de Propietarios es la realizaci\u00f3n de obras por propietarios que afectan a elementos comunes, fachada, azoteas, patios comunitarios\u2026 en este post vamos a prevenir e informaros de que hay que hacer para evitar tener [&hellip;]"}

Patricia Cebolla De Ávila

C ómo colocar un aire acondicionado en la fachada de mi bloque Uno de los problemas más recurrentes en las Comunidades de Propietarios es la realización de obras por propietarios que afectan a elementos comunes, fachada, azoteas, patios comunitarios… en este post vamos a prevenir e informaros de que hay que hacer para evitar tener [&hellip;]
